t is 0 (base 9) in base 5?
0
What is -1 (base 8) in base 3?
-1
11 (base 6) to base 14
7
What is 50 (base 8) in base 2?
101000
What is 3 (base 10) in base 6?
3
Convert 13 (base 9) to base 16.
c
-31 (base 4) to base 10
-13
Convert -3 (base 10) to base 14.
-3
Convert -5 (base 14) to base 4.
-11
What is 1 (base 11) in base 13?
1
-43 (base 13) to base 16
-37
Convert 77 (base 9) to base 14.
50
Convert 2103 (base 4) to base 13.
b4
-6d (base 16) to base 6
-301
What is 188 (base 13) in base 12?
1b5
-40 (base 10) to base 12
-34
What is -10011 (base 2) in base 13?
-16
Convert -b (base 13) to base 12.
-b
Convert 1aa (base 13) to base 8.
465
Convert 4 (base 16) to base 13.
4
Convert 101 (base 2) to base 13.
5
What is 2 (base 15) in base 12?
2
What is -220 (base 5) in base 11?
-55
What is -42 (base 9) in base 6?
-102
-113 (base 6) to base 14
-33
Convert -4 (base 7) to base 16.
-4
What is 11 (base 13) in base 2?
1110
27 (base 12) to base 14
23
Convert -1100 (base 2) to base 13.
-c
What is -144 (base 5) in base 9?
-54
Convert -11 (base 2) to base 4.
-3
Convert 10 (base 11) to base 2.
1011
0 (base 3) to base 10
0
What is 9 (base 14) in base 16?
9
Convert 5d (base 15) to base 8.
130
Convert e (base 15) to base 6.
22
What is 1 (base 6) in base 11?
1
-11 (base 3) to base 12
-4
What is 2 (base 7) in base 11?
2
What is -252 (base 7) in base 15?
-90
What is -7 (base 16) in base 10?
-7
Convert 4 (base 12) to base 3.
11
What is 220 (base 3) in base 5?
44
1030 (base 4) to base 10
76
What is 8 (base 14) in base 2?
1000
Convert -16 (base 11) to base 13.
-14
121 (base 5) to base 11
33
What is -43 (base 7) in base 15?
-21
77 (base 9) to base 8
106
What is -32 (base 13) in base 3?
-1112
-3 (base 7) to base 4
-3
Convert 5 (base 15) to base 9.
5
-6 (base 13) to base 11
-6
-1 (base 9) to base 8
-1
Convert 6 (base 8) to base 12.
6
What is 89 (base 15) in base 13?
9c
-21 (base 10) to base 4
-111
-1 (base 3) to base 8
-1
Convert 0 (base 6) to base 7.
0
b (base 13) to base 2
1011
20 (base 13) to base 7
35
5 (base 15) to base 2
101
-1010 (base 3) to base 13
-24
Convert 2 (base 10) to base 13.
2
What is -47 (base 15) in base 7?
-124
7 (base 15) to base 6
11
Convert 3 (base 15) to base 6.
3
Convert 14 (base 6) to base 5.
20
-1 (base 4) to base 2
-1
Convert -5 (base 12) to base 15.
-5
What is -35 (base 9) in base 6?
-52
-1 (base 15) to base 4
-1
What is -7 (base 13) in base 2?
-111
21 (base 3) to base 8
7
-20 (base 10) to base 9
-22
Convert -8e (base 16) to base 8.
-216
1b (base 16) to base 14
1d
What is 21 (base 10) in base 14?
17
Convert 0 (base 9) to base 4.
0
Convert -22 (base 3) to base 15.
-8
-65 (base 9) to base 7
-113
What is 65 (base 14) in base 9?
108
Convert 15 (base 9) to base 4.
32
What is 6 (base 14) in base 15?
6
-1101 (base 2) to base 6
-21
78 (base 11) to base 10
85
What is -1 (base 11) in base 3?
-1
What is 0 (base 6) in base 5?
0
Convert 553 (base 6) to base 13.
135
Convert -4d (base 14) to base 3.
-2120
Convert -8 (base 10) to base 6.
-12
Convert 22 (base 6) to base 2.
1110
-4 (base 5) to base 10
-4
Convert -11 (base 9) to base 14.
-a
4 (base 15) to base 7
4
What is 16 (base 12) in base 7?
24
Convert 288 (base 10) to base 6.
1200
What is 4 (base 5) in base 12?
4
What is 11 (base 11) in base 6?
20
What is -3 (base 12) in base 6?
-3
What is -112 (base 10) in base 11?
-a2
2 (base 16) to base 13
2
Convert -201 (base 6) to base 14.
-53
4 (base 13) to base 14
4
Convert -157 (base 10) to base 9.
-184
What is 134 (base 8) in base 16?
5c
What is e (base 16) in base 3?
112
Convert -221 (base 3) to base 11.
-23
What is 0 (base 16) in base 5?
0
What is 1001101 (base 2) in base 6?
205
Convert 0 (base 3) to base 10.
0
9 (base 13) to base 2
1001
Convert -20 (base 15) to base 5.
-110
Convert 1 (base 9) to base 4.
1
Convert -102 (base 3) to base 12.
-b
What is 8 (base 14) in base 13?
8
311 (base 4) to base 2
110101
What is 6 (base 11) in base 6?
10
Convert 22 (base 9) to base 5.
40
Convert -4 (base 8) to base 3.
-11
What is -35 (base 6) in base 14?
-19
Convert 0 (base 10) to base 9.
0
Convert 1000000 (base 2) to base 9.
71
Convert 11 (base 13) to base 12.
12
What is -31 (base 16) in base 15?
-34
What is 3 (base 16) in base 6?
3
Convert b (base 12) to base 8.
13
What is 11110010 (base 2) in base 4?
3302
2 (base 11) to base 12
2
What is 50 (base 12) in base 2?
111100
150 (base 6) to base 12
56
151 (base 13) to base 5
1420
What is 142 (base 5) in base 16?
2f
Convert 11 (base 3) to base 8.
4
Convert -1 (base 12) to base 4.
-1
What is 6 (base 13) in base 9?
6
-3 (base 10) to base 15
-3
What is 21 (base 12) in base 4?
121
What is 8 (base 13) in base 16?
8
Convert -115 (base 7) to base 10.
-61
Convert 7 (base 11) to base 13.
7
Convert -10 (base 6) to base 2.
-110
What is 2010 (base 3) in base 8?
71
Convert -2121 (base 3) to base 2.
-1000110
-5 (base 6) to base 14
-5
Convert 55 (base 8) to base 11.
41
Convert a (base 14) to base 12.
a
2 (base 14) to base 13
2
Convert -35 (base 14) to base 8.
-57
-9 (base 16) to base 8
-11
What is 0 (base 12) in base 14?
0
9 (base 16) to base 4
21
Convert -1002 (base 3) to base 11.
-27
322 (base 8) to base 7
420
-233 (base 4) to base 6
-115
Convert 24 (base 14) to base 3.
1012
What is 0 (base 7) in base 11?
0
1 (base 8) to base 12
1
Convert 2 (base 7) to base 3.
2
4 (base 7) to base 6
4
-1 (base 3) to base 7
-1
4 (base 9) to base 13
4
Convert -43 (base 5) to base 8.
-27
-2 (base 7) to base 8
-2
4 (base 8) to base 7
4
What is -48 (base 16) in base 6?
-200
What is -2 (base 7) in base 2?
-10
-223 (base 5) to base 6
-143
-4 (base 9) to base 14
-4
Convert 2 (base 12) to base 14.
2
What is 2 (base 5) in base 13?
2
4 (base 8) to base 10
4
What is 220 (base 5) in base 10?
60
What is 14 (base 15) in base 5?
34
-13 (base 12) to base 6
-23
Convert c (base 13) to base 4.
30
-4 (base 5) to base 13
-4
Convert -1011101 (base 2) to base 16.
-5d
What is 333 (base 4) in base 9?
70
-21 (base 5) to base 4
-23
Convert 0 (base 8) to base 13.
0
What is 89 (base 11) in base 10?
97
9 (base 13) to base 16
9
Convert 1 (base 4) to base 5.
1
What is 40 (base 12) in base 13?
39
-75 (base 12) to base 5
-324
3 (base 10) to base 15
3
What is 3 (base 9) in base 14?
3
What is -1 (base 11) in base 7?
-1
-11101 (base 2) to base 3
-1002
What is -56 (base 7) in base 10?
-41
Convert 94 (base 14) to base 12.
aa
-2 (base 5) to base 9
-2
Convert 341 (base 6) to base 10.
133
-115 (base 8) to base 6
-205
What is 30 (base 7) in base 11?
1a
3 (base 5) to base 4
3
What is 1c (base 16) in base 8?
34
1 (base 5) to base 8
1
Convert 32 (base 8) to base 16.
1a
What is 9 (base 15) in base 14?
9
-3 (base 15) to base 14
-3
What is -10 (base 5) in base 10?
-5
-2 (base 6) to base 11
-2
Convert -11001 (base 2) to base 10.
-25
What is 20 (base 4) in base 10?
8
-104 (base 9) to base 10
-85
What is 25b (base 12) in base 16?
167
Convert -1c (base 15) to base 3.
-1000
What is 37 (base 10) in base 3?
1101
1 (base 16) to base 4
1
Convert 10101000 (base 2) to base 12.
120
-33 (base 4) to base 7
-21
0 (base 13) to base 4
0
-1101010 (base 2) to base 5
-411
Convert -2 (base 13) to base 9.
-2
Convert 4a (base 15) to base 3.
2121
Convert -1122 (base 4) to base 2.
-1011010
-202 (base 6) to base 5
-244
Convert -1a (base 11) to base 10.
-21
Convert -13 (base 8) to base 11.
-10
What is 101 (base 2) in base 13?
5
What is 0 (base 14) in base 5?
0
2 (base 7) to base 4
2
What is -1 (base 14) in base 2?
-1
-1 (base 6) to base 13
-1
Convert -125 (base 8) to base 7.
-151
Convert 14 (base 6) to base 5.
20
What is -11 (base 12) in base 15?
-d
What is -33 (base 7) in base 13?
-1b
Convert -12 (base 9) to base 15.
-b
Convert 6 (base 13) to base 14.
6
-2 (base 14) to base 5
-2
1 (base 16) to base 6
1
-4 (base 7) to base 10
-4
Convert 2 (base 16) to base 14.
2
Convert 1b (base 13) to base 15.
19
What is -3 (base 10) in base 7?
-3
-303 (base 4) to base 16
-33
Convert -56 (base 9) to base 7.
-102
What is 110100 (base 2) in base 12?
44
-111 (base 2) to base 9
-7
What is 120 (base 8) in base 4?
1100
What is 320 (base 5) in base 4?
1111
13 (base 13) to base 6
24
Convert -202 (base 4) to base 11.
-31
Convert 5 (base 9) to base 7.
5
What is 6 (base 10) in base 3?
20
Convert 2 (base 8) to base 13.
2
What is 2 (base 15) in base 5?
2
-201 (base 10) t